17 = 3*f. What is d(f)?
6
Let y be 3/15 + 754/(-145) + 23. Let a(d) = -2*d**2 + 35*d + 29. Determine a(y).
11
Let y = 13368 + -13363. Let g(t) = -1 - t + 7 - 3. Calculate g(y).
-2
Let u(o) = -o**2 + 8*o - 2. Suppose -9*x = l - 13*x - 9, -5*l + 2*x = -27. Determine u(l).
13
Let n(k) = 4*k**2 + 114*k - 3*k**2 - 4 - 3*k**2 - 110*k + 3*k**2. Suppose -5*m + 3*t - 25 = 4*t, 3*m + 5*t = -15. Calculate n(m).
1
Let h be 2/13 + 550/143. Suppose k = 2*k - h*d - 41, -61 = -2*k + d. Let p(y) = 3*y - k + 17 - 3*y - y. What is p(-6)?
-6
Let w(g) = -23*g**3 - 4*g**2 - 2*g + 7. Let x(a) = -29*a**3 - 5*a**2 - 2*a + 8. Let t(u) = -5*w(u) + 4*x(u). Determine t(1).
-2
Let i(n) = -n**2 - 34*n - 62. Let l be i(-32). Let t(z) = z**2 + 949*z**3 - 2*z**l - 950*z**3. What is t(-1)?
0
Let u(z) = -3*z**2 - 6*z + 13. Let h be u(2). Let s be h - (-3 + 24/6). Let g(a) = -a**2 - 12*a + 3. Give g(s).
3
Let g be -2 - -2 - (2 - 1). Let d(c) = -c - 2. Let p(m) = m. Let w(y) = g*d(y) - 2*p(y). Let k(q) = 42*q**2 - 752*q - 66. Let f be k(18). Determine w(f).
-4
Suppose 1605 = -48*b + 741. Let z(o) = -8*o - 131. Give z(b).
13
Let l = 33 - 3. Let t be 2 - 4/2 - -2. Suppose t*w - 24 = -a - 3*w, 4*w = -2*a + l. Let r(g) = -g**3 + 9*g**2 - 6. Determine r(a).
-6
Suppose -156 = -6*r - 7*r. Suppose 0 = 4*p - r*p - 16. Let j(u) = 2899*u**2 - 2 - u**3 + 0*u**3 - 3*u - 2901*u**2. Give j(p).
4
Let x(j) = -j**3 - 4*j**2 - 7*j - 1. Let g be (0 + 8/10)*35/(-14). Let c be x(g). Let f(n) = -3*n + 10. Give f(c).
-5
Let v(k) = 2*k**2 - 1. Let n be v(-2). Let w be -12 - (0 + 9)*n/(-21). Let b(l) = -14 + 10*l + 3 - 8*l**2 - l**3 + 23. Determine b(w).
3
Suppose 0 = -46*w + 257 + 341. Suppose 2*k - w*d - 42 = -9*d, d + 5 = 0. Let c(z) = -z**3 + 11*z**2 - 4*z - 5. What is c(k)?
-49
Let q(n) be the first derivative of -n**3/3 - 3*n**2/2 - 3*n - 54572. Let r be (-1)/4*5*4. What is q(r)?
-13
Let d(f) be the first derivative of -f**6/120 - f**5/20 + 5*f**4/24 + f**3 + 17*f**2/2 + 2*f + 143. Let o(z) be the second derivative of d(z). Determine o(-4).
2
Suppose -i - 7*i = 40. Let a(k) = -13*k - 11*k + 57*k - 14*k - 18*k. Determine a(i).
-5
Let u be 1335/89 - (-72)/(-3). Let p(a) = a**3 - 9*a**2 - 2*a - 9. Let n(f) = -3*f**3 + 18*f**2 + 5*f + 18. Let z(y) = -2*n(y) - 5*p(y). Calculate z(u).
9
Let f(w) = -2*w**2 + 32*w + 2. Let a(k) = -3*k**2 + 54*k + 3. Let r(m) = -3*a(m) + 5*f(m). Give r(1).
-2
Let r(a) = -a**2 + a + 2. Let f(d) = -22*d**2 - 13*d - 69. Let s(x) = -f(x) + 19*r(x). What is s(-7)?
30
Suppose -6*i + 5*i + 21 = 0. Suppose 91 + i = 7*p. Let a(y) = 4 - 15*y + p*y - 10. Determine a(4).
-2
Suppose -4*a - 1104 + 1124 = -3*u, 5*u = -2*a - 42. Let n(h) = h**2 - h + 8. Give n(u).
80
Suppose 4*p + 0*d + 4 = -2*d, 0 = 3*p - d + 13. Let s be (-9)/p - (-19 - -22). Let z(q) be the first derivative of -q**3/3 - q**2/2 - 2*q + 1. Give z(s).
-2
Suppose 10 = 31*q - 21*q. Let l(h) = h**2 + 15*h + 10. Let f(x) = -2*x - 1. Let v(s) = q*l(s) + 5*f(s). Give v(-4).
1
Let x(o) be the first derivative of o**4/4 + o**3/3 - o**2 + 2*o - 1. Suppose -21 + 33 = 3*h. Suppose 0 + 4 = 4*g - h*d, g - 4*d = -2. Calculate x(g).
10
Let a(u) = -11*u**2 - 125*u + 293. Let n(y) = 2*y**2 + 25*y - 56. Let d(c) = 4*a(c) + 21*n(c). What is d(12)?
8
Let x(k) = -k**3 - 8*k**2 + 14*k + 32. Let t = 15717 + -15726. Give x(t).
-13
Let h(p) = -5*p + 0*p - p + p**2 + 2*p. Let t(s) be the second derivative of 5*s**3/3 + 3*s**2/2 + 3*s + 1. Let g be t(0). Calculate h(g).
-3
Let q = 24060 - 24052. Let x(v) = -3*v**2 + 16*v + 19. Give x(q).
-45
Let l = 66 - 58. Let s be l/(-10)*70/(-28). Let o(j) = -2*j**2 + 6 + j**s - 17*j + 9*j. Give o(-5).
21
Let u(z) = z. Let f(w) = -5*w - 4*w + 11*w + 8 - 7. Suppose 0 = 3*y - 7*y - 4. Let m(g) = y*f(g) + u(g). Determine m(-2).
1
Let v(l) = -l + 8*l**3 + 36 - 36*l**3 + 29*l**3 + 8*l**2 - 46*l**2. Determine v(38).
-2
Let h(f) = -f - 18*f**3 - 2 + 0 - 18*f**3 + 45*f**3. Calculate h(-1).
-10
Let b(o) be the second derivative of 5*o**3/2 - 2*o**2 - 1939*o. What is b(-3)?
-49
Suppose -12 = 3*w, 13 = 15*m - 16*m - 2*w. Let p(n) be the second derivative of 1/20*n**5 + 3/2*n**2 + 1/2*n**4 + 0 + n**3 - n. Calculate p(m).
-2
Suppose 5*g - 91 = 3*b + b, -3*b - 16 = -g. Let a = 24 - g. Suppose 0 = -3*c + 3, -4 = 3*s - 5*c - a. Let r(p) = -3*p**2 + p + 2. Give r(s).
-8
Let y be ((-4)/20)/1*(-4 - 31). Let k(p) = 12*p. What is k(y)?
84
Let l(h) = 40 + 21 + 9*h - 17 + 94 + 19. Give l(-17).
4
Let j(s) = s**3 - 2*s**2 + 2*s - 2. Let d(m) = 2*m**3 - 7*m + 4. Let t be d(2). Let i(v) = -v**2 + 20*v - 82. Let n be i(t). Give j(n).
2
Let s(t) = -14*t**2 + 17*t + 10. Let o(f) = 17*f**2 - 16*f - 13. Let p(y) = -4*o(y) - 5*s(y). Calculate p(10).
-8
Let x(y) be the third derivative of y**7/2520 - 7*y**6/720 - 3*y**5/40 + y**4/8 + y**3/6 + 214*y**2. Let m(d) be the second derivative of x(d). Calculate m(9).
9
Let n(u) = -u**3. Let g = -449 + 453. Suppose 3*q = -5*k + 7*q - 18, 0 = -g*k - q - 6. What is n(k)?
8
Let d(m) = 393*m + 389*m + 80 + 395*m - 1570*m + 391*m. What is d(47)?
-14
Suppose 5*y - 18*c = -17*c + 16, 4*c = -5*y - 14. Let i(k) be the first derivative of 1/2*k**y + 1/4*k**4 + 34 + 4*k - 5/3*k**3. Determine i(5).
9
Let z(w) = -2*w**3 + 21*w**2 - 10*w - 23. Let q(g) = g**3 - 11*g**2 + 5*g + 14. Let f(m) = -7*q(m) - 4*z(m). Calculate f(6).
-12
Let h(b) = 7*b + 12. Let x = -22767 - -22759. What is h(x)?
-44
Let h(y) = -48*y**3 + 21*y**3 - 2 + y**2 + 26*y**3 + 7*y + 4*y**2. Calculate h(6).
4
Let z = -4 - -4. Let n = -2 + z. Let g(c) be the second derivative of c**3/2 + c**2/2 + 21*c. Give g(n).
-5
Let q(i) = i - 10. Let o be q(15). Let r(p) = 17*p**3 - 20*p**2 + 11*p - 24. Let n(w) = 7*w**3 - 9*w**2 + 5*w - 11. Let u(a) = 5*n(a) - 2*r(a). Calculate u(o).
8
Let l(a) = 2*a**2 - 2*a - 15. Let j = 18113 + -18113. Give l(j).
-15
Suppose -4*g + 16 = -4. Suppose g*r = r - 224. Let o = 55 + r. Let s(f) = -6*f. Determine s(o).
6
Let z(v) be the first derivative of v**3 + v**2 + 3*v + 204575. Let i be (1*-2 - -1) + -1. What is z(i)?
11
Let o(j) = j**3 - 15*j**2 + 24*j + 11. Let k be o(15). Suppose 69*y + 43 = -k. Let g(l) = 2*l**2 + 11*l - 12. Calculate g(y).
-6
Let v(z) = -40*z - 14. Let a(u) = 639*u + 231. Let w(h) = -2*a(h) - 33*v(h). Let t be (-6)/9 - (-1)/(-3). What is w(t)?
-42
Let u(i) = i**2 + 6*i - 7. Let y = -153 - -156. Suppose 2*v - 5 + 14 = -d, -y*v - 31 = 4*d. Give u(d).
0
Let k(t) = t - 2. Let i(o) be the first derivative of -o**4/4 - 14*o**3/3 - o**2/2 - 11*o - 24. Let g be i(-14). Suppose g - 18 = -3*l. What is k(l)?
3
Suppose 4*z - 89 = -5*w, 99 + 5 = 5*z - w. Suppose -2*x - 7 = -z. Let j(b) = 0*b**3 - 16*b - x*b**2 + b**3 + 22*b. Calculate j(6).
0
Let u(a) = a**3 + 7*a**2 + 3*a + 15. Suppose 9*y + 22*y - 60*y - 203 = 0. What is u(y)?
-6
Suppose 40*v + 41*v - 7*v + 888 = 0. Let d(q) = q**3 + 13*q**2 + 15*q + 29. What is d(v)?
-7
Suppose -5*w + 3*p = -0 + 25, p + 10 = -2*w. Let u(f) = -4*f - 5 - 4 + 2 - 2*f. Determine u(w).
23
Let s(c) = c**2 + 2*c - 2. Let z be ((-3705)/(-135) - -3)*1*9. Let a = z + -273. Calculate s(a).
1
Let k(w) = 8*w + 30. Let r(l) = 13*l + 44. Let n = 604 - 612. Let z(g) = n*k(g) + 5*r(g). Determine z(10).
-10
Let n(j) = j**2 - 6*j + 6. Suppose -4*i + 1 + 9 = d, 9 = 3*i. Let l be (d + 1)/(5/(-25)). What is n(l)?
1
Let f(l) = -9*l**2 + 8*l - 72. Let b(y) = -16*y**2 + 16*y - 118. Let o(h) = -3*b(h) + 5*f(h). Give o(4).
10
Suppose 43*t - 140 = 376. Let l(h) = -h**2 + 19*h - 75. Calculate l(t).
9
Let p(a) = 5 + 3*a + 0*a - 2*a. Let b(j) = 4*j**2 - 20*j + 24. Let z be b(2). Determine p(z).
5
Let x(i) = -i**2 - 6*i + 88. Suppose 4*d - 27*b = -31*b + 56, -63 = -5*d - 4*b. What is x(d)?
-3
Suppose 3*n = 5*n. Suppose n = -9*j - 0 + 27. Let y(k) = 43 - 43 - 4*k. What is y(j)?
-12
Let u be -4 + ((1 - (-6)/2) + -4 - -6). Let p(y) = 2*y**3 + 2*y**2 - 5*y + 5. Calculate p(u).
19
Let g be (-3)/5 - (-257)/(-5). Let n = g - -50. Let o(c) be the first derivative of c**4/2 + c**3/3 - c**2/2 + c - 11. What is o(n)?
-9
Suppose 5*b = -2*l + l + 52, b - 16 = -3*l. Let i(p) = 3*p**2 + 12*p + 81. Let z(q) = -7*q**2 - 25*q - 179. Let j(x) = -9*i(x) - 4*z(x). Calculate j(b).
7
Let n(m) be the second derivative of m**4/3 + 2*m**3/3 + 3*m**2/2 - m. Let a = 1496485 - 1496487. Calculate n(a).
11
Let i(s) be the third derivative of 